ose w - 2 = k - 0*k, 5*k + s*w = -50. What are the prime factors of 2/(-6) - 26/k?
2
Suppose z = 6*z - 15. Let o be 1 + 3 + -1 + 1. Suppose -z*y - 48 = -3*t - 0*y, -4*t + 24 = o*y. List the prime factors of t.
11
Let j(x) = -2*x - 3. Let r be j(-3). Suppose -4*k = -r*d - 12, 0 = -d - 0 + 4. What are the prime factors of k?
2, 3
Let c(i) = 2*i - 7. Let z be c(5). List the prime factors of 63*(2/z)/2.
3, 7
Let t = 22 - 15. Let f(n) = n - n - t - 2*n. What are the prime factors of f(-8)?
3
What are the prime factors of (-778)/(-18) - 24/108?
43
Suppose 0*x = 5*x + 5*u - 1365, 3*u - 1359 = -5*x. What are the prime factors of x?
2, 3, 5
Suppose 5*c - 19 = -f + 216, -f = 0. What are the prime factors of c?
47
List the prime factors of 26/6*6/2.
13
Let c = 20 - 19. Let t(x) be the second derivative of 3*x**5/5 - x**4/12 + x**3/6 - x. What are the prime factors of t(c)?
2, 3
Suppose 7*l - 2*l - 30 = 0. Let s = 9 - l. Suppose s*x - 52 = -x. List the prime factors of x.
13
Let w(s) = -s - 5. Let i be w(6). Let z = -2 - i. Let g(b) = -b**3 + 9*b**2 + 12. List the prime factors of g(z).
2, 3
Suppose 28 = 3*d - 4*g, -g - g = -2*d + 16. What are the prime factors of (-1)/4 + 17/d?
2
Suppose -3*n - 3 = -u + 17, n = -2*u + 33. Suppose -2*o - 1 = -u. What are the prime factors of (57/12)/(2/o)?
19
Let b(p) = -268*p. What are the prime factors of b(-1)?
2, 67
Suppose -3*v - v = -12. Suppose -2 = -v*b + 10. Suppose -2*a = 2*a - t - 6, 3*t = a + b. What are the prime factors of a?
2
Let c be 6/21 + (-66)/(-14). Suppose -4*r = -188 - 100. Suppose 7 = 3*z - c, 5*j - r = -3*z. What are the prime factors of j?
2, 3
Let l be -6*(2 + 16/(-6)). Let o = l - 2. Suppose -o*j = 2*j - 28. List the prime factors of j.
7
Suppose 0*f = -3*b - 5*f - 28, -4*b - 32 = 4*f. Let n be (b/(-3) + -6)*-1. Suppose -n = -4*y + 24. List the prime factors of y.
7
Let v(q) be the second derivative of 3/2*q**2 + 7/6*q**3 - 2*q + 5/12*q**4 - 1/20*q**5 + 0. What are the prime factors of v(6)?
3
Let x(k) = 9*k + 1. What are the prime factors of x(3)?
2, 7
Let i(d) = d**2 + 6*d - 9. Let x(j) = j**2 - j. Let o(p) = -i(p) + 2*x(p). Suppose 3*k = b - 5*b + 42, -29 = -3*b - k. What are the prime factors of o(b)?
2, 3
Let i(s) = -s**2 - 5*s - 2. Let f = -1 - 2. List the prime factors of i(f).
2
Suppose 8*j - 10*j + 170 = 0. What are the prime factors of j?
5, 17
Suppose 3*f + 53 = -x, 0 = -0*x + 3*x + 4*f + 174. Let b = -25 - x. What are the prime factors of b?
37
Let b = -44 - -16. List the prime factors of (-2)/(-6) - b/6.
5
Let n(x) = -x**3 - 4*x**2 - 3*x + 4. What are the prime factors of n(-5)?
2, 11
Suppose -2*w + 1 = -w. What are the prime factors of ((-6)/7)/(w/(-14))?
2, 3
List the prime factors of 2 + (-6)/3 + 82.
2, 41
Let d be 0*(3 + -6)/3. Let i(u) = u + 7. List the prime factors of i(d).
7
Let q(f) be the third derivative of f**5/4 - 5*f**4/8 + 2*f**2. Let l(h) = 8*h**2 - 8*h. Let m(v) = -11*l(v) + 6*q(v). List the prime factors of m(3).
2, 3
Let m = 208 - 122. List the prime factors of m.
2, 43
Let g = 30 + 18. List the prime factors of g.
2, 3
Let t = -47 - -52. What are the prime factors of t?
5
Let w = 5 + -17. Let m(z) = z**3 - 6*z**2 + 7*z - 7. Let o be m(5). What are the prime factors of (w/10)/(o/(-20))?
2
Let o(l) = l**2 - 5. List the prime factors of o(-13).
2, 41
Suppose 2*x = 5*q + 558, x - 5*x + 3*q + 1116 = 0. List the prime factors of x.
3, 31
Suppose 0 = -3*j, -4*x - j = j + 8. Let w(c) = 2*c**2 + 3*c. What are the prime factors of w(x)?
2
Let f(i) = -7*i**3 - 3*i**2 + 8*i - 7. Let j(l) = 9*l - 3*l**2 - 1 - 14*l**3 + 6*l**3 - 7. Let q(a) = 7*f(a) - 6*j(a). What are the prime factors of q(-4)?
7
Let z(t) = t**2 - 2*t + 21. What are the prime factors of z(0)?
3, 7
Suppose -2*l + 30 = b, 2*b - 43 - 2 = -3*l. Suppose -2 = w - l. List the prime factors of w.
13
Suppose 9*a - 5*a = 80. What are the prime factors of a?
2, 5
Suppose 3*f - 10 = 104. What are the prime factors of f - (16/4 - 5)?
3, 13
Suppose 4 = -3*l + 10. Let o(i) = -15*i**2 + i**3 - 8 + 14 + 6*i**l - 9*i. What are the prime factors of o(10)?
2
Let y(a) = 21*a - 3. What are the prime factors of y(2)?
3, 13
Let j(h) = -2*h**3 - h**2 - h + 1. Let b be j(1). Let u = 1 - b. What are the prime factors of u/(-4) - 26/(-2)?
2, 3
Let c(s) = -s**2 - 6*s - 5. Let f = -2 + -2. Let y be c(f). Suppose -y*v + 17 = -22. List the prime factors of v.
13
Let q(w) = 2*w**2 - 4*w + 1. Let h be q(3). Let k = 7 - 7. Suppose -2*a + h = 5*f - 24, 4*f - 2*a - 32 = k. What are the prime factors of f?
7
Let j(k) = k**2 - 5*k + 6. Let s(m) = m**3 - 8*m**2 + 10*m - 7. Let i be s(7). Suppose -4*l + 6 + i = 0. List the prime factors of j(l).
2, 3
Suppose 4*b = -4*n + 184, 202 = 2*n + 3*n - 2*b. What are the prime factors of n?
2, 3, 7
Let q = 19 + -5. What are the prime factors of q?
2, 7
What are the prime factors of (-74 - 8)/(1*-2)?
41
Let f(s) = -3*s - 7. Let u be f(-5). Let k be u/(4 - (-2 - -4)). Let z(p) = p**3 - 2*p**2 - 3*p + 1. List the prime factors of z(k).
3, 7
Suppose 3*v - 3*i = -18, 3*v + 2*i - 16 = 6*v. List the prime factors of (-30)/v - 4/8.
7
Let d(r) = 2*r. Let x be d(5). Let l = -4 + x. What are the prime factors of l?
2, 3
Let f = -2 + 2. Let h be 0/(-1) - (-2 + f). Suppose -h*y = y - 18. What are the prime factors of y?
2, 3
Let k = -2 - -39. What are the prime factors of k?
37
Let i(h) = -h**2 + 7*h - 7. Let k be i(6). What are the prime factors of (11/33)/(k/(-159))?
53
Let k = -13 + 10. Let f be k - (-5 - -1) - 1. Suppose -3*l + 2*s + 12 = f, 3*s + 2*s = 0. List the prime factors of l.
2
Let p = 3 - 3. Let z = p + 8. List the prime factors of z.
2
Suppose 0 = 3*i - i - 68. Let g = i - 15. What are the prime factors of g?
19
Let q(z) = -17*z**3 - 5 + 1 + 3 + z**2. Let u be q(-1). Let v = u - 5. What are the prime factors of v?
2, 3
Suppose 2*j + 3 = j. Let a = 17 - j. List the prime factors of a.
2, 5
Let k = 26 + 19. Suppose -k = 2*l + l. List the prime factors of ((-10)/l)/((-1)/(-21)).
2, 7
Let t(n) = -6*n - 4. Let c be t(-5). Suppose 3*j = -w + 6*w - 65, 2*w - c = j. What are the prime factors of w?
13
Let x = 4 + -2. Suppose -x + 6 = g. Suppose -4*f + f + 21 = -g*l, -f + l + 6 = 0. What are the prime factors of f?
3
Suppose -2*s = 5*o - 413, -2*o - 3*s + 174 = -0*o. List the prime factors of o.
3
Suppose 3*t = -0*t + 162. What are the prime factors of t?
2, 3
Let n = -46 - -119. What are the prime factors of n?
73
Let z be (-1)/(-4) - (-516)/(-16). Let q = z + -1. List the prime factors of 15/(-25) + q/(-5).
2, 3
Let m = -33 - -85. Suppose 24 = 4*u - m. Suppose -1 = -o + u. What are the prime factors of o?
2, 5
Let m(f) = -11*f - 6. List the prime factors of m(-2).
2
Let r(u) = 2*u**3 - 5*u**2 + u. What are the prime factors of r(4)?
2, 13
Suppose 5*p = g - 24, -2*g - 3*p + 57 = -17. What are the prime factors of g?
2, 17
Let v = 220 + -153. What are the prime factors of v?
67
List the prime factors of 40/16*(1 + 814/10).
2, 103
Let t(f) = f**2 - 8*f + 6. Let v be t(7). Let w = v + 7. Let n(y) = 2*y + 2. List the prime factors of n(w).
2, 7
Suppose q - 15 = -2*s, 0 = -2*q - s + 24. Suppose 0 = 4*w - 3*w - q. List the prime factors of w.
11
Let h = 32 + -22. What are the prime factors of h?
2, 5
Let m = 0 - 0. Suppose m*j + 2*j = -2*y + 28, 5*j - 5*y - 40 = 0. What are the prime factors of j?
11
Let u(j) = -224*j**3 + j**2 - 2*j - 3. What are the prime factors of u(-1)?
2, 7
Suppose 5*o - 395 = 2*y, 0*y = -3*o - 3*y + 237. Suppose 0 = 4*r - 5*v - 41, 2*v - o = -5*r - v. List the prime factors of r.
2, 7
Suppose -b + 28 + 8 = 0. Let j = 71 + -69. Suppose -j*r + 0*r = -b. List the prime factors of r.
2, 3
Suppose 0 = 2*q + 2*p - 96, -4*p - 102 = -2*q - 0*q. What are the prime factors of q?
7
Let i(b) = b**3 - 7*b**2 + b. Let k be i(7). Let r(g) = -g**3 + 9*g**2 - 6*g - 15. List the prime factors of r(k).
41
Suppose 6*x = 30 - 0. Let f(s) = 2*s**2 + 4*s + 3. Let h be f(-2). Suppose -51 = -x*b + h*n - 5, -3*b + 39 = 2*n. List the prime factors of b.
11
Suppose 6*u - 108 = 4*u. What are the prime factors of u?
2, 3
Let p = -65 - -74. List the prime factors of p.
3
Suppose 3*w - 19 = -4*i, -5*w + 7 = 4*i - 14. Suppose 0 = i*z - 3*c - 134, -3 = 3*c - 9. What are the prime factors of z?
5, 7
Suppose -5*l + 6 = k, -4*k